11, 19, 653893
What are the prime factors of 14861753?
37, 401669
List the prime factors of 1870685939.
1870685939
What are the prime factors of 744983662?
2, 23, 1931, 8387
What are the prime factors of 18228184?
2, 13, 53, 3307
List the prime factors of 233388567.
3, 23, 263, 1429
List the prime factors of 551743157.
7, 78820451
List the prime factors of 510463798.
2, 13, 19633223
List the prime factors of 21579330.
2, 3, 5, 193, 3727
What are the prime factors of 281451595?
5, 56290319
What are the prime factors of 1891864617?
3, 630621539
List the prime factors of 12643794.
2, 3, 702433
What are the prime factors of 1577863125?
3, 5, 93503
What are the prime factors of 387095227?
19, 41, 496913
What are the prime factors of 285043821?
3, 95014607
What are the prime factors of 874490879?
874490879
What are the prime factors of 186132722?
2, 239, 389399
List the prime factors of 7468279.
7, 13, 59, 107
List the prime factors of 69785381.
23, 421, 7207
List the prime factors of 89596905.
3, 5, 2441, 2447
List the prime factors of 696470381.
696470381
List the prime factors of 363986409.
3, 349, 509, 683
List the prime factors of 41203360.
2, 5, 11, 41, 571
List the prime factors of 983963697.
3, 19, 17262521
What are the prime factors of 1066717577?
83, 127, 101197
What are the prime factors of 12644475?
3, 5, 53, 3181
List the prime factors of 36744990.
2, 3, 5, 17, 109, 661
List the prime factors of 5023590235.
5, 1004718047
List the prime factors of 1001105825.
5, 40044233
List the prime factors of 366219669.
3, 122073223
What are the prime factors of 122316007?
11, 11119637
What are the prime factors of 284304789?
3, 10529807
What are the prime factors of 1597574725?
5, 691, 92479
List the prime factors of 87073037.
87073037
What are the prime factors of 206226948?
2, 3, 59, 163, 1787
What are the prime factors of 98168827?
98168827
What are the prime factors of 3167554422?
2, 3, 9649, 54713
What are the prime factors of 1242012496?
2, 77625781
List the prime factors of 640184194.
2, 13, 199, 123731
List the prime factors of 379581873.
3, 11, 11502481
What are the prime factors of 1710915489?
3, 613, 310117
What are the prime factors of 15767950?
2, 5, 11, 28669
List the prime factors of 1199753907.
3, 11, 2467, 14737
List the prime factors of 1111664961.
3, 11, 59, 190321
List the prime factors of 581382698.
2, 13, 22360873
List the prime factors of 220430020.
2, 5, 19, 580079
List the prime factors of 276938499.
3, 92312833
What are the prime factors of 5588346564?
2, 3, 31, 43, 101, 1153
What are the prime factors of 4774150855?
5, 954830171
List the prime factors of 501150185.
5, 31, 3233227
List the prime factors of 21805739.
21805739
What are the prime factors of 22811402?
2, 179, 63719
List the prime factors of 1190567045.
5, 251, 948659
List the prime factors of 1777300387.
1777300387
List the prime factors of 3756629680.
2, 5, 277, 169523
What are the prime factors of 393360671?
11, 17, 79, 26627
What are the prime factors of 207752092?
2, 43, 61, 19801
List the prime factors of 1430119485.
3, 5, 29, 509, 2153
List the prime factors of 454561517.
454561517
List the prime factors of 6086277779.
23, 11505251
What are the prime factors of 7529800574?
2, 10429, 361003
What are the prime factors of 80507261?
83, 211, 4597
List the prime factors of 1984763703.
3, 13, 191, 266447
List the prime factors of 157695822.
2, 3, 31, 1163
What are the prime factors of 2016888857?
17, 118640521
What are the prime factors of 1008682500?
2, 3, 5, 7, 19213
What are the prime factors of 17340899?
3797, 4567
What are the prime factors of 89866539?
3, 7, 17, 11987
What are the prime factors of 2089657440?
2, 3, 5, 13, 79, 157
What are the prime factors of 5803417213?
11, 43, 641, 19141
What are the prime factors of 1133320324?
2, 8677, 32653
What are the prime factors of 591103118?
2, 295551559
List the prime factors of 3166755049.
47, 67377767
List the prime factors of 7530011587.
7, 1075715941
What are the prime factors of 1843673161?
11, 397, 422183
What are the prime factors of 486718172?
2, 121679543
What are the prime factors of 475618296?
2, 3, 19817429
List the prime factors of 154011425.
5, 71, 86767
List the prime factors of 296281567.
43, 6890269
List the prime factors of 1511259732.
2, 3, 41979437
What are the prime factors of 295640506?
2, 7, 17, 127, 9781
What are the prime factors of 1908894111?
3, 636298037
List the prime factors of 231988627.
13, 1087, 16417
List the prime factors of 1362885158.
2, 37, 439, 41953
What are the prime factors of 3567409538?
2, 7, 11, 29, 37, 21589
What are the prime factors of 90833093?
13, 47, 148663
List the prime factors of 280817193.
3, 127, 737053
What are the prime factors of 266957020?
2, 5, 11, 179, 6779
What are the prime factors of 103377519?
3, 7, 37, 14783
List the prime factors of 2569289316.
2, 3, 11, 229, 7727
What are the prime factors of 3109074167?
71, 97, 451441
List the prime factors of 641538684.
2, 3, 109, 54497
List the prime factors of 38440549.
7, 784501
What are the prime factors of 765871420?
2, 5, 17, 563, 4001
What are the prime factors of 1742993540?
2, 5, 239, 364643
List the prime factors of 129882054.
2, 3, 61, 354869
What are the prime factors of 198776936?
2, 19, 283, 4621
What are the prime factors of 1858613704?
2, 181, 1283573
What are the prime factors of 43287921?
3, 307, 15667
What are the prime factors of 7078990?
2, 5, 149, 4751
List the prime factors of 1829968887.
3, 609989629
What are the prime factors of 28976946?
2, 3, 71, 251, 271
What are the prime factors of 525511820?
2, 5, 17, 23, 59, 67
What are the prime factors of 39330277?
7, 5618611
List the prime factors of 1995482686.
2, 173, 727, 7933
What are the prime factors of 421762121?
11, 41, 709, 1319
List the prime factors of 2297845695.
3, 5, 1511, 101383
List the prime factors of 763276017.
3, 7, 31, 1172467
List the prime factors of 25883370.
2, 3, 5, 29, 47, 211
List the prime factors of 65200821.
3, 7, 443543
What are the prime factors of 93308857?
37, 947, 2663
What are the prime factors of 213618498?
2, 3, 17, 103, 20333
List the prime factors of 168778291.
11, 31, 59, 8389
What are the prime factors of 1166104?
2, 71, 2053
What are the prime factors of 3601743210?
2, 3, 5, 13, 43, 5507
List the prime factors of 43725527.
37, 1181771
List the prime factors of 453352774.
2, 7, 32382341
List the prime factors of 794970254.
2, 13, 197, 11939
What are the prime factors of 436038179?
436038179
List the prime factors of 32588371.
17, 257, 7459
List the prime factors of 462492.
2, 3, 29, 443
List the prime factors of 411640675.
5, 16465627
List the prime factors of 95831404.
2, 23957851
What are the prime factors of 33468866?
2, 863, 19391
What are the prime factors of 978659351?
239, 4094809
What are the prime factors of 489503?
7, 69929
List the prime factors of 885336336.
2, 3, 17, 503, 719
List the prime factors of 67996451.
47, 181, 7993
List the prime factors of 42465216.
2, 3, 221173
What are the prime factors of 64336057?
64336057
What are the prime factors of 142108720?
2, 5, 13, 23, 457
What are the prime factors of 180539245?
5, 1877, 19237
List the prime factors of 197583382.
2, 89, 1110019
List the prime factors of 35525260.
2, 5, 1776263
List the prime factors of 30480555.
3, 5, 7, 107, 2713
What are the prime factors of 19393945?
5, 23, 168643
What are the prime factors of 68663454?
2, 3, 19, 602311
What are the prime factors of 3480678596?
2, 23, 37833463
What are the prime factors of 5460328158?
2, 3, 17, 31, 1726859
What are the prime factors of 88778578?
2, 7, 281, 22567
List the prime factors of 8728320.
2, 3, 5, 2273
List the prime factors of 935621223.
3, 2851, 109391
List the prime factors of 295099245.
3, 5, 7, 223, 4201
List the prime factors of 1877159977.
7, 11, 599, 40699
List the prime factors of 67441818.
2, 3, 547, 20549
What are the prime factors of 49701890?
2, 5, 7, 710027
List the prime factors of 2622467804.
2, 11, 17, 3505973
What are the prime factors of 3004306932?
2, 3, 11, 22759901
List the prime factors of 4360098571.
31, 140648341
List the prime factors of 189673566.
2, 3, 4621, 6841
List the prime factors of 57503288.
2, 29, 59, 4201
List the prime facto